 675468 a multiple of 21?
False
Is 149 a factor of 2475954?
False
Is 12064252 a multiple of 12?
False
Does 68 divide 307972?
True
Is 531739 a multiple of 94?
False
Does 290 divide 81490?
True
Is 90 a factor of 12203?
False
Does 17 divide 517191?
True
Does 14 divide 1800517?
False
Does 265 divide 137005?
True
Is 295351 a multiple of 181?
False
Is 6 a factor of 14776722?
True
Does 691 divide 738612?
False
Does 50 divide 135794?
False
Is 18 a factor of 198258?
False
Is 47696 a multiple of 271?
True
Is 47207 a multiple of 245?
False
Is 60 a factor of 15184?
False
Is 8 a factor of 1025821?
False
Does 22 divide 4707914?
False
Is 118 a factor of 4602?
True
Is 435127 a multiple of 43?
False
Is 292169 a multiple of 107?
False
Is 9 a factor of 2686587?
False
Is 31 a factor of 318463?
True
Does 48 divide 16082?
False
Is 25 a factor of 597331?
False
Is 1050858 a multiple of 474?
True
Is 140 a factor of 14341600?
True
Does 20 divide 492626?
False
Is 290023 a multiple of 189?
False
Is 115 a factor of 947418?
False
Is 14813 a multiple of 2?
False
Does 176 divide 10953088?
False
Is 39 a factor of 900787?
False
Is 101 a factor of 3368604?
False
Is 2319068 a multiple of 106?
True
Is 306 a factor of 1017025?
False
Is 412638 a multiple of 6?
True
Is 11007 a multiple of 4?
False
Does 3 divide 298319?
False
Does 595 divide 1437260?
False
Is 592816 a multiple of 1106?
True
Does 4 divide 1626343?
False
Is 13 a factor of 308399?
True
Is 100478 a multiple of 12?
False
Is 71 a factor of 115162?
True
Is 49 a factor of 70333?
False
Does 14 divide 1815923?
False
Is 218272 a multiple of 14?
False
Is 43 a factor of 2575007?
False
Does 899 divide 5395940?
False
Is 36 a factor of 5302518?
False
Is 36 a factor of 320539?
False
Is 3 a factor of 51690?
True
Is 1468363 a multiple of 313?
False
Is 1351526 a multiple of 253?
True
Does 32 divide 1216?
True
Does 16 divide 1338379?
False
Is 7503851 a multiple of 91?
False
Does 251 divide 1914126?
True
Is 173888 a multiple of 44?
True
Does 376 divide 340580?
False
Is 28 a factor of 1343690?
False
Is 2 a factor of 35185?
False
Is 30 a factor of 61796?
False
Is 129677 a multiple of 27?
False
Does 45 divide 2119865?
False
Is 38 a factor of 76485?
False
Is 12807325 a multiple of 173?
False
Does 186 divide 95828?
False
Is 55366 a multiple of 98?
False
Is 98714 a multiple of 154?
True
Is 282007 a multiple of 341?
True
Is 1632719 a multiple of 11?
True
Is 23 a factor of 645406?
False
Does 71 divide 1268439?
False
Is 6460248 a multiple of 6?
True
Does 44 divide 461091?
False
Does 101 divide 329361?
True
Does 58 divide 1796274?
False
Is 15 a factor of 178449?
False
Does 209 divide 332051?
False
Is 7 a factor of 31345?
False
Does 299 divide 226815?
False
Is 85 a factor of 300220?
True
Does 716 divide 640683?
False
Does 166 divide 1839982?
False
Does 3 divide 15?
True
Is 18 a factor of 1837844?
False
Is 956 a factor of 944528?
True
Does 923 divide 349817?
True
Is 1121545 a multiple of 5?
True
Is 236 a factor of 223904?
False
Does 62 divide 170828?
False
Does 1223 divide 8004257?
False
Does 37 divide 2567097?
True
Does 40 divide 7894211?
False
Is 333600 a multiple of 96?
True
Is 59 a factor of 515188?
True
Is 5 a factor of 462170?
True
Is 444912 a multiple of 93?
True
Does 10 divide 600505?
False
Does 26 divide 1474696?
False
Does 163 divide 696499?
True
Is 73 a factor of 431284?
True
Is 98 a factor of 646016?
True
Is 170721 a multiple of 421?
False
Is 156 a factor of 51636?
True
Is 1564437 a multiple of 483?
True
Is 66 a factor of 7702728?
True
Is 40 a factor of 37120?
True
Is 13 a factor of 571142?
True
Does 75 divide 50971?
False
Does 37 divide 4307497?
False
Is 8547 a multiple of 2?
False
Is 5136799 a multiple of 671?
False
Is 71 a factor of 71426?
True
Does 16 divide 1765174?
False
Is 78792 a multiple of 536?
True
Does 181 divide 257744?
True
Is 35 a factor of 112093?
False
Does 7 divide 21287?
True
Is 121 a factor of 4715556?
False
Is 22709 even?
False
Is 431 a factor of 181020?
True
Is 21 a factor of 12911199?
True
Is 40 a factor of 847101?
False
Is 87299 even?
False
Is 1615 a factor of 4502620?
True
Is 17122560 a multiple of 168?
True
Is 12 a factor of 382683?
False
Does 2 divide 3753?
False
Is 96 a factor of 51733?
False
Is 44242 a multiple of 22?
True
Does 47 divide 1534482?
False
Is 10 a factor of 26400?
True
Is 9 a factor of 4206600?
True
Is 21 a factor of 1514393?
False
Is 585081 a multiple of 7?
True
Is 282312 a multiple of 10?
False
Is 37 a factor of 112702?
True
Is 544360 a multiple of 31?
True
Is 51 a factor of 131988?
True
Does 903 divide 3264397?
False
Does 6 divide 5126963?
False
Does 3 divide 1414700?
False
Is 425 a factor of 6562425?
True
Is 831588 a multiple of 92?
True
Is 314 a factor of 4246536?
True
Is 2059550 a multiple of 309?
False
Is 29 a factor of 82618?
False
Is 39 a factor of 879099?
True
Does 76 divide 11046144?
True
Is 2822441 a multiple of 602?
False
Is 3127562 a multiple of 27?
False
Is 316740 a multiple of 3?
True
Is 14 a factor of 122724?
True
Is 2221769 a multiple of 29?
False
Is 758448 a multiple of 136?
False
Does 220 divide 2176152?
False
Is 334854 a multiple of 53?
True
Does 278 divide 13463533?
False
Does 34 divide 11243528?
True
Is 791 a factor of 2770213?
False
Does 16 divide 112416?
True
Is 436 a factor of 431499?
False
Does 93 divide 609057?
True
Is 11 a factor of 221629?
False
Is 11 a factor of 7125668?
True
Is 15 a factor of 3041235?
True
Does 6 divide 5471588?
False
Is 64728 a multiple of 19?
False
Does 4 divide 392843?
False
Is 322462 a multiple of 743?
True
Is 1280710 a multiple of 9?
False
Is 11 a factor of 10495061?
False
Is 3531679 a multiple of 278?
False
Does 150 divide 166528?
False
Is 43 a factor of 186706?
True
Is 8 a factor of 26185?
False
Does 41 divide 48626?
True
Is 26 a factor of 3771196?
True
Does 16 divide 1773947?
False
Does 35 divide 6229016?
False
Does 93 divide 47635?
False
Is 684 a factor of 321480?
True
Is 145925 a multiple of 87?
False
Does 37 divide 1517?
True
Is 8 a factor of 93403?
False
Is 31652 a multiple of 23?
False
Does 29 divide 33901?
True
Does 17 divide 2504425?
False
Is 10 a factor of 313450?
True
Is 120 a factor of 297350?
False
Is 1103292 a multiple of 228?
True
Is 8 a factor of 11504?
True
Is 19 a factor of 51110?
True
Does 23 divide 3023258?
True
Does 27 divide 2026431?
True
Is 392293 a multiple of 209?
True
Is 482 a factor of 2036088?
False
Is 75504 a multiple of 132?
True
Does 51 divide 4913595?
True
Is 11 a factor of 255306?
False
Does 28 divide 2547802?
False
Is 424646 a multiple of 154?
False
Is 5380720 a multiple of 10?
True
Is 103 a factor of 1211941?
False
Is 10228493 a multiple of 25?
False
Does 73 divide 400646?
False
Does 6 divide 312330?
True
Is 14 a factor of 1858980?
False
Is 15 a factor of 2102880?
True
Is 1985 a factor of 27184186?
False
Is 12 a factor of 335436?
True
Is 4363460 a multiple of 20?
True
Is 4 a factor of 1608683?
False
Is 904 a factor of 16335975?
False
Is 102375 a multiple of 39?
True
Is 8438683 a multiple of 58?
False
Does 53 divide 107705?
False
Is 4 a factor of 1397919?
False
Does 9 divide 99792?
True
Is 164 a factor of 22705472?
True
Does 222 divide 2401379?
False
Is 1221408 a multiple of 5?
False
Is 313 a factor of 2957387?
False
Is 265638 a multiple of 365?
False
Does 9 divide 512950?
False
Is 2 a factor of 33316?
True
Is 193848 a multiple of 9?
False
Is 321 a factor of 3088341?
True
Is 18878783 a multiple of 11?
True
Is 163 a factor of 848227?
False
Does 113 divide 24927758?
False
Does 15 divide 5027355?
True
Is 85001 a multiple of 45?
False
Is 329 a factor of 208562?
False
Is 395080 a multiple of 340?
True
Is 4 a factor of 952588?
True
Does 11 divide 35017?
False
Is 127 a factor of 76499?
False
Is 106190 a multiple of 70?
True
Is 1587030 a multiple of 50?
False
Is 1439 a factor of 3505829?
False
Is 1549505 a multiple of 133?
False
Is 3168634 a multiple of 14?
True
Does 16 divide 1798993?
False
Does 243 divide 9416908?
False
Is 2613705 a multiple of 489?
True
Does 29 divide 888589?
True
Is 13 a factor of 147716?
False
Does 16 divide 90283?
False
Is 3336570 a multiple of 283?
True
Is 10813 a multiple of 24?
False
Does 257 divide 36583?
False
Does 280 divide 923600?
False
Is 106 a factor of 275812?
True
Is 798155 a mu